5)/(-52)*(15 + -3)?
13
What is the remainder when 341 is divided by (-10)/15*171/(-2)?
56
Suppose -w + 37 + 47 = 0. Suppose w = 3*c + 27. What is the remainder when c is divided by 7?
5
Let w = -53 - -145. Let s = 117 - w. Calculate the remainder when s is divided by 2.
1
Suppose 5*k + 3*a = 380, -6*a = -4*a. What is the remainder when k is divided by 16?
12
Let b = 186 - 105. What is the remainder when b is divided by 18?
9
Let y(x) = 22*x + 9. Let o be y(5). Suppose o = 5*c - 81. What is the remainder when 158 - (0 - 1 - -1) is divided by c?
38
What is the remainder when 1059 is divided by (-7)/(-7)*70 + -11?
56
Let f(m) = -m + 45. Let o = 46 - -5. Suppose 0 = -3*l - 15 + o. What is the remainder when f(0) is divided by l?
9
Let c = 6 + -3. Suppose 0 = c*p - s - 35, 6*s = 5*p + s - 45. What is the remainder when 50 is divided by (4/(-2))/((-2)/p)?
11
Suppose -119*j = -115*j - 528. Calculate the remainder when j is divided by 14.
6
Let y = -101 + 31. Let r = y - -114. Suppose 0 = -4*k - 3*l + 641, -2*l + 120 + r = k. Calculate the remainder when k is divided by 40.
38
Suppose -3*z - 5*h = -6, -4*z + 4*h + 26 = -2*z. Let x(w) = w**2 - 4*w + 5. Let p(f) = 51*f - 383. Calculate the remainder when p(9) is divided by x(z).
24
What is the remainder when 134 is divided by 92/(((-16)/24)/((-1)/3))?
42
Let n(z) = -785*z - 7053. Calculate the remainder when (-2)/9 - 182/(-9) is divided by n(-9).
8
What is the remainder when 86 is divided by (-1)/((-4)/(-66)*(-18)/36)?
20
Let t(w) = -w**2 + 3*w + 12. Suppose 6*c - 5*n - 20 = c, 2*c + 4*n = -10. Let u be 15*(-4)/(-12)*c. What is the remainder when t(u) is divided by 2?
0
Let k be 3 - 3 - (3 + -15). Let r(z) = -z**3 + 12*z**2 + z - 7. Calculate the remainder when 14 is divided by r(k).
4
Suppose 5*a - 74 - 31 = 0. Let f = a + -14. Calculate the remainder when 372/14 - (-7 + 230/35) is divided by f.
6
Suppose 11*z + 136 = 708. What is the remainder when 256 is divided by z?
48
Let m(y) = -y**3 + 3*y**2 + 6*y + 7. Let b be m(5). Let x = 21 + b. What is the remainder when x is divided by (-33)/(-7) + (-8)/(-28)?
3
Suppose -v - 3*c = -61, -5*v + 292 = -c + 3*c. Suppose 0 = 5*m + 57 + 38. Let o = m - -34. Calculate the remainder when v is divided by o.
13
Let c = 623 + -339. Calculate the remainder when c is divided by 89.
17
Let a(u) = -u**3 - 5*u**2 + 8*u. Let w be a(-6). Let f(o) = -3*o**3 + 2 - 13*o + 4*o**3 + 11*o**2 - 3. Calculate the remainder when 32 is divided by f(w).
10
Let c be -9 - 122 - (0 - -2). Let f = c - -204. Suppose -9*h + 6*h + 54 = 0. What is the remainder when f is divided by h?
17
Let s = 137 + -51. Calculate the remainder when s is divided by 20.
6
Suppose -5*c = -2*c - 21. Let o(l) = -l**3 - 8*l**2 + 7*l + 59. Calculate the remainder when c is divided by o(-8).
1
Let w = 1434 - 1401. Calculate the remainder when 121 is divided by w.
22
Suppose 0 = -6*n + 403 - 61. What is the remainder when 512 is divided by n?
56
Let v(z) = z**2 + 6. Suppose 12 = u - 0*u. Suppose u*q - 15*q = -66. What is the remainder when v(9) is divided by q?
21
Let j(b) = -b + 8. Suppose 1 = 3*l + 4. Let x be (-5 - l)*20/(-16). Calculate the remainder when 11 is divided by j(x).
2
Let o = -132 - -146. Suppose 1 = y - 39. Calculate the remainder when y is divided by o.
12
Let v(q) = -44*q + 2. Suppose 10 = 5*p - 0. Calculate the remainder when v(-1) is divided by p/(3/(-102)*-4).
12
Suppose -l + 423 = 2*l. Calculate the remainder when -1*5/((-15)/l) is divided by 12.
11
Suppose 6*v = 2*x + v - 173, 5*v + 470 = 5*x. What is the remainder when x is divided by 6?
3
Let a(f) = -f**2 + f - 1. Let h be a(2). Let s(q) = q**2 - 42*q - 833. Calculate the remainder when 6/(-5)*160/h is divided by s(-15).
20
Let n = 123 - 107. Suppose 31 - n = 3*f. Calculate the remainder when (-1)/3 - (-110)/6 is divided by f.
3
Suppose 3*u + 3*w - 7 = 5, -4*u + 19 = w. Let h(n) be the first derivative of 2*n**3/3 - 2*n**2 - 12*n - 30. Calculate the remainder when h(-3) is divided by u.
3
Let r(n) = n - 8. Let l be r(12). Suppose -20 = -l*m, 4*g + m - 183 = 2*g. What is the remainder when g is divided by 13?
11
Let z(f) = -f**2 - 4*f + 3. Let x be z(-4). Suppose -3*p + 96 = -3*m, m + x = -0*m. Calculate the remainder when p is divided by (-1 - 2)/(-6) - 696/(-48).
14
Suppose 207 = 9*p - 0*p. Calculate the remainder when p is divided by 9.
5
Calculate the remainder when (-15)/45*(1 - 7) + 113 is divided by 9.
7
Let p be ((-21)/(-9))/(2/(-6)). Let r(t) = -t**3 - 5*t**2 + 10*t + 11. Calculate the remainder when r(p) is divided by 15.
9
Let k = 0 - 8. Let b(x) = -x**3 - 7*x**2 - 7*x - 7. Suppose -122 = -5*i + 2*j + 27, -i = -5*j - 39. Calculate the remainder when b(k) is divided by i.
26
Let r = 775 - 573. Calculate the remainder when 405 is divided by r.
1
Let d(n) = 0*n**2 + 11 - 9*n - 13 - 3*n**2. Let q(f) = 7*f**2 + 18*f + 4. Let w(m) = 5*d(m) + 2*q(m). What is the remainder when w(-8) is divided by 5?
1
Let p = 8 + -7. Let y = p - -1. Suppose 4*j = -3*d + 10, 0 = 5*j - 3*d + 1. What is the remainder when y is divided by j?
0
Let v = -367 + 402. Calculate the remainder when 170 is divided by v.
30
Let h be 27/15 + 6/30. Suppose 0*f + h*f - 100 = 0. Let s = -34 + f. What is the remainder when 61 is divided by s?
13
Let c = -41 + 39. What is the remainder when 47 - c/(-6)*-3 is divided by 10?
8
Suppose -k + 0*z + 3*z + 15 = 0, 0 = -2*z - 8. Suppose -93 + 15 = k*d. Calculate the remainder when (-2 + 1)*(d - 7) is divided by 17.
16
Suppose -630*k = -628*k - 230. Calculate the remainder when k is divided by 20.
15
Suppose 0 = -15*s - 284 - 316. What is the remainder when 380/32 + (-5)/s is divided by 8?
4
Suppose -3*o = -4*f - 8, -o = 2*f - 7*f + 1. Calculate the remainder when 77 is divided by (2 - 2/6)/(o/48).
17
Suppose -176 = -7*h - 15*h. What is the remainder when (-108)/(-7) - (-6)/(-14) is divided by h?
7
Let b(g) = g - 1. Let z be b(5). Suppose 5 = 5*y + 5*w, w = -z*y - 4*w + 5. Suppose -u + 12 = -y*u. What is the remainder when 58 is divided by u?
10
Suppose -417 = -9*v + 276. Suppose -72*c + v*c = 110. Suppose 9 = -3*u + 4*u. What is the remainder when c is divided by u?
4
Suppose 2*q = 7*q - 55. Suppose q*v - 3*v = 80. Calculate the remainder when v is divided by 4.
2
Let y be 3265/4 - (-4)/(-16). Suppose 0*c - 5*p = 3*c + y, 2*c + 2*p = -544. Calculate the remainder when ((-15)/10)/(12/c) is divided by 9.
7
Let g(j) = 2*j**3 + 17*j**2 + 13*j + 55. Calculate the remainder when 16 is divided by g(-8).
1
Suppose -3*g - o + 311 = -0*g, -2*o - 398 = -4*g. Suppose 5*d = 7*d - g. Calculate the remainder when d is divided by 13.
12
Suppose 5*g - 484 = -0*g + 4*x, -1 = x. What is the remainder when g is divided by 25?
21
Let u(w) be the second derivative of 1/6*w**4 + 5/2*w**2 + 0 - 5*w + 7/6*w**3. What is the remainder when 16 is divided by u(-4)?
7
Suppose -145*u + 163*u = 2322. What is the remainder when u is divided by 24?
9
Let h be 9/((27/(-6))/(-9)). Suppose -5*r - h = -d, -2*r = -5*d + r + 68. Calculate the remainder when 24 is divided by d.
11
Let l = -3460 + 3493. Suppose -2*g + 518 = -0*r + 4*r, 4*r = -5*g + 509. What is the remainder when r is divided by l?
32
Suppose -42*l = -60*l - 90. Let g(r) = -4*r**3 - 2*r**2 + r. What is the remainder when g(-2) is divided by l*5/(-125) + (-59)/(-5)?
10
Let j be 14/4*(6 + 112/7). Suppose j = 8*a + 21. Calculate the remainder when a is divided by 3.
1
Let m(i) = -49 + 48*i + 104 - 45. Suppose u + 8 = 47. What is the remainder when m(3) is divided by u?
37
Suppose 10*f - 19 = 1. Suppose -4*r - 16 = 0, f*r + 388 = 7*c - 2*c. What is the remainder when c is divided by 26?
24
Suppose -5*w + 2*f = -515, -w - f + 5*f = -103. What is the remainder when w is divided by 21?
19
Let z(m) = -15*m + 223. What is the remainder when z(6) is divided by 20?
13
Let y = 83 - 61. What is the remainder when 80 is divided by y?
14
Let w(s) = -s**2 - 6*s + 7. Let z be w(-7). Suppose c - 2 = -2*u, 2*u + 34 = -z*c + 5*c. Calculate the remainder when 212/c - (-3)/(-9) is divided by 12.
11
Let q = -322 + 331. Calculate the remainder when 45 is divided by q.
0
Suppose -3*p - 15 = 3*n, -5*n = -4*n + 5. Calculate the remainder when -1 - (8/2 + p + -87) is divided by 12.
10
Let w(p) = 2*p**2 - 37*p + 21. Suppose 2 = 